NOAA Reports

Select a Year or Month report

Report for 2022 May
                   Monthly Climatological Summary for May 2022

Name: CM2Weather   City: Chelmsford   State: Essex
Elevation: 66 m  Lat: N 51° 42' 38"   Lon: E 000° 28' 14"

                  Temperature (°C), Rain (mm), Wind Speed (mph)

                                      Heat  Cool        Avg
    Mean                              Deg   Deg         Wind                 Dom
Day Temp  High   Time   Low    Time   Days  Days  Rain  Speed High   Time    Dir
----------------------------------------------------------------------------------
01  12.9  17.8   12:10   9.2   00:00   5.4   0.0   0.0   1.6  10.0   12:24    SW
02  13.0  19.8   14:02   5.6   05:56   5.3   0.0   0.0   0.6   7.0   13:44     S
03  11.6  14.9   13:23   9.3   02:10   6.7   0.0   0.0   1.3   9.0   06:21    NE
04  12.7  19.1   11:28   9.1   01:13   5.5   0.0   4.6   1.4  13.0   17:45   WSW
05  14.1  20.6   15:10   7.3   05:31   4.4   0.2   0.0   1.6  12.0   10:26    NW
06  17.4  24.6   12:39  10.6   05:18   2.5   1.6   0.0   1.9  14.0   13:24   WSW
07  14.8  22.1   11:20  11.5   23:56   3.5   0.1   0.6   1.8  14.0   11:50   ENE
08  13.0  19.3   11:39   7.2   23:47   5.4   0.0   0.0   2.4  13.0   12:25   ENE
09  15.5  23.1   12:20   3.9   05:28   4.2   1.4   0.0   2.1  18.0   17:50   SSW
10  16.8  20.5   17:01  14.5   23:55   1.8   0.3   0.0   2.6  15.0   15:28    SW
11  13.9  16.6   11:03   9.2   23:49   4.4   0.0   1.2   2.6  24.0   14:26    SW
12  13.9  19.8   14:45   8.2   05:42   4.5   0.1   0.0   1.8  14.0   12:02   WSW
13  15.7  21.7   17:16  10.5   05:53   3.2   0.6   0.0   2.8  16.0   12:27   WSW
14  16.2  24.1   12:26   8.6   05:12   3.6   1.5   0.0   1.4  10.0   16:54    SE
15  15.0  19.1   11:18  11.9   01:53   3.3   0.0   2.8   2.3  15.0   19:51     E
16  17.0  23.7   14:43  11.5   04:54   2.3   1.0   0.2   2.2  17.0   17:10    SW
17  19.6  27.5   13:43  10.7   05:29   1.7   3.0   0.0   1.9  14.0   15:55    SE
18  18.8  25.4   12:43  12.3   05:35   1.4   1.9   0.0   1.7  12.0   14:38     S
19  17.6  22.4   14:17  14.2   05:10   1.7   1.0   4.4   1.1  17.0   00:48     W
20  14.4  17.9   17:11  11.9   05:25   3.9   0.0   3.6   1.4  19.0   23:29    SW
21  15.8  21.6   15:31  10.3   04:53   3.1   0.6   0.0   1.5  12.0   00:49   WSW
22  18.1  25.7   11:41  10.3   05:01   2.3   2.1   0.0   1.2  11.0   16:18   SSE
23  14.4  18.3   11:48  10.7   23:29   3.9   0.0   9.0   0.8   9.0   20:19    SW
24  13.3  18.4   13:54   9.6   04:26   5.0   0.0   2.4   1.5  16.0   13:58   WSW
25  14.2  18.7   16:01   9.2   04:49   4.1   0.0   0.0   2.6  17.0   13:30    SW
26  16.6  21.8   14:52  11.0   04:47   2.3   0.6   0.0   2.8  19.0   13:35   WSW
----------------------------------------------------------------------------------
    15.2  27.5    17     3.9     9    95.4  16.0  28.8   1.8  24.0    11      SW

Max >=  35.7  0
Max <=  33.6 26
Min <= -20.6  0
Min <= -18.0  0
Max Rain: 9.0 on day 23
Days of Rain: 9 (>= 0.2 mm)  6 (>= 2.0 mm)  0 (>= 20.0 mm)
Heat Base: 18.3  Cool Base: 18.3  Method: Integration