NOAA Reports

Select a Year or Month report

Report for 2022 Aug
                   Monthly Climatological Summary for Aug 2022

Name: CM2Weather   City: Chelmsford   State: Essex
Elevation: 66 m  Lat: N 51° 42' 38"   Lon: E 000° 28' 14"

                  Temperature (°C), Rain (mm), Wind Speed (mph)

                                      Heat  Cool        Avg
    Mean                              Deg   Deg         Wind                 Dom
Day Temp  High   Time   Low    Time   Days  Days  Rain  Speed High   Time    Dir
----------------------------------------------------------------------------------
01  21.1  26.5   14:28  15.4   04:54   0.5   3.4   0.0   2.0  11.0   16:01     S
02  22.8  27.1   17:37  18.9   06:09   0.0   4.5   0.0   4.6  18.0   11:41   WSW
03  23.1  29.6   15:44  17.5   03:59   0.0   4.9   0.0   3.7  17.0   14:29   WSW
04  21.8  26.9   14:10  17.7   06:25   0.0   3.5   0.0   2.5  16.0   23:03   NNW
05  19.1  24.2   15:36  14.0   07:14   1.0   1.8   0.0   4.0  18.0   13:39     N
06  18.7  25.5   12:51  10.5   05:56   2.0   2.4   0.0   2.1  12.0   12:47     N
07  20.8  28.1   16:53  11.2   05:54   1.5   4.0   0.0   1.2  12.0   15:36     N
08  21.1  30.1   12:39  13.6   05:39   1.1   3.8   0.0   2.1  13.0   17:34   ENE
09  20.8  28.8   12:31  14.4   04:39   1.0   3.5   0.0   2.4  14.0   17:31     E
10  22.1  29.7   12:20  13.6   05:36   1.0   4.8   0.0   2.1  13.0   14:35     E
11  24.0  32.7   11:42  15.3   06:05   0.5   6.3   0.0   2.2  14.0   13:04     E
12  25.0  33.4   12:28  16.3   05:34   0.3   7.0   0.0   2.6  19.0   15:53   ENE
13  25.4  33.7   14:45  17.3   05:50   0.1   7.2   0.0   2.3  14.0   13:14   ESE
14  25.2  33.6   12:46  17.1   06:06   0.1   7.0   0.0   2.0  15.0   16:08     E
15  23.7  32.3   12:20  18.4   07:29   0.0   5.4   0.8   1.5  15.0   16:29   WSW
16  20.1  24.3   09:55  17.4   04:08   0.1   1.9   0.2   0.7  11.0   12:30   WSW
----------------------------------------------------------------------------------
    22.2  33.7    13    10.5     6     9.2  71.4   1.0   2.4  19.0    12      NE

Max >=  35.7  0
Max <=  33.6 15
Min <= -20.6  0
Min <= -18.0  0
Max Rain: 0.8 on day 15
Days of Rain: 2 (>= 0.2 mm)  0 (>= 2.0 mm)  0 (>= 20.0 mm)
Heat Base: 18.3  Cool Base: 18.3  Method: Integration