NOAA Reports Climate Data

NOAA Reports

Select a Year or Month report
V/Λ2020 > Jan Feb Mar Apr May Jun Jul Aug Sep Oct Nov Dec
V/Λ2019 > Jan Feb Mar Apr May Jun Jul Aug Sep Oct Nov Dec
V/Λ2018 > Jan Feb Mar Apr May Jun Jul Aug Sep Oct Nov Dec
V/Λ2017 > Jan Feb Mar Apr May Jun Jul Aug Sep Oct Nov Dec
V/Λ2016 > Jan Feb Mar Apr May Jun Jul Aug Sep Oct Nov Dec
V/Λ2015 > Jan Feb Mar Apr May Jun Jul Aug Sep Oct Nov Dec
V/Λ2014 > Jan Feb Mar Apr May Jun Jul Aug Sep Oct Nov Dec
V/Λ2013 > Jan Feb Mar Apr May Jun Jul Aug Sep Oct Nov Dec
V/Λ2012 > Jan Feb Mar Apr May Jun Jul Aug Sep Oct Nov Dec
V/Λ2011 > Jan Feb Mar Apr May Jun Jul Aug Sep Oct Nov Dec

Report for 2019
                   Annual Climatological Summary for 2019

Name: CM2Weather   City: Chelmsford   State: Essex
Elevation: 66 m  Lat: N 51 42 38   Lon: E 000 28 14

                  Temperature (C), Heat Base: 12.0  Cool Base: 24.0
                          Dep.  Heat  Cool                       Max  Max  Min  Min
        Mean  Mean        From  Deg   Deg                        >=   <=   <=   <=
 YR MO  Max   Min   Mean  Norm  Days  Days  Hi  Date  Low  Date 35.7 33.6-20.6 -18.0
------------------------------------------------------------------------------------
 19  1   7.8   1.8   4.6  -2.8   228     0  11.8  25  -4.6   31    0   31    0    0
 19  2  13.6   3.7   7.7   0.0   135     0  23.0  25  -2.2    3    0   28    0    0
 19  3  14.3   5.3   9.2  -1.5    97     0  23.3  30   1.1   26    0   31    0    0
 19  4  17.0   5.0  10.3  -3.3    93     1  28.3  20  -0.2   13    0   30    0    0
 19  5  19.7   8.3  13.5  -3.5    37     0  26.1  30   3.2   13    0   31    0    0
 19  6  22.3  12.4  17.0  -3.2     2     5  31.4  29   8.8    9    0   30    0    0
 19  7  25.4  14.7  19.9  -3.0     1    18  37.3  25   9.6    4    1   29    0    0
 19  8  25.3  14.2  19.4  -3.3     0    12  34.1  27  10.3   13    0   30    0    0
 19  9  21.4  11.4  15.8  -3.5    10     1  26.8  15   6.8    8    0   30    0    0
 19 10  15.6   8.2  11.5  -3.5    48     0  19.8   1   1.8   28    0   31    0    0
 19 11  10.7   4.5   7.3  -3.2   142     0  15.1   1  -1.5   30    0   30    0    0
 19 12   9.7   4.0   6.9  -0.8   159     0  12.8   6  -0.6    2    0   31    0    0
------------------------------------------------------------------------------------
        16.9   7.8  11.9  -2.6   953    36  37.3 Jul  -4.6  Jan    1  362    0    0

                                Precipitation (mm)

              Dep.   Max        Days of Rain
              From   Obs.           >=
 YR MO Total  Norm   Day Date  0.2  2.0 20.0
---------------------------------------------
 19  1  21.6 -31.6   5.0  22    14    6    0
 19  2  22.4 -16.8   5.4   4    13    6    0
 19  3  45.6   5.4   9.0  10    17    9    0
 19  4   6.6 -35.0   2.0   9     9    1    0
 19  5  21.2 -27.5  10.8   8    14    2    0
 19  6  51.0   1.1  13.0  10    13    8    0
 19  7  30.2 -14.1  11.8  20    11    5    0
 19  8  35.6 -16.1   9.8   9    11    7    0
 19  9  41.8  -6.8  10.8  24    12    8    0
 19 10  72.6   8.5  12.0   6    21   13    0
 19 11  49.8  -8.2  10.0  27    24    8    0
 19 12  71.2  18.9  12.4  20    21   12    0
---------------------------------------------
       469.6-122.2  13.0  Jun  180   85    0

                                Wind Speed (mph)
                          Dom
 YR MO   Avg.  Hi   Date  Dir
------------------------------
 19  1   3.3  31.0   13   WNW
 19  2   3.4  34.0    8    SW
 19  3   4.4  36.0   10   WSW
 19  4   3.1  26.0    4   ENE
 19  5   2.6  27.0    4   NNW
 19  6   3.2  27.0    8    SW
 19  7   2.6  25.0   30   WSW
 19  8   3.0  35.0   10    SW
 19  9   3.0  27.0   29   WSW
 19 10   2.9  27.0   25   WSW
 19 11   1.6  30.0    2   WSW
 19 12   2.3  31.0   10   WSW
------------------------------
         3.0  36.0  Mar   WSW