NOAA Reports Climate Data

NOAA Reports

Select a Year or Month report
V/Λ2020 > Jan Feb Mar Apr May Jun Jul Aug Sep Oct Nov Dec
V/Λ2019 > Jan Feb Mar Apr May Jun Jul Aug Sep Oct Nov Dec
V/Λ2018 > Jan Feb Mar Apr May Jun Jul Aug Sep Oct Nov Dec
V/Λ2017 > Jan Feb Mar Apr May Jun Jul Aug Sep Oct Nov Dec
V/Λ2016 > Jan Feb Mar Apr May Jun Jul Aug Sep Oct Nov Dec
V/Λ2015 > Jan Feb Mar Apr May Jun Jul Aug Sep Oct Nov Dec
V/Λ2014 > Jan Feb Mar Apr May Jun Jul Aug Sep Oct Nov Dec
V/Λ2013 > Jan Feb Mar Apr May Jun Jul Aug Sep Oct Nov Dec
V/Λ2012 > Jan Feb Mar Apr May Jun Jul Aug Sep Oct Nov Dec
V/Λ2011 > Jan Feb Mar Apr May Jun Jul Aug Sep Oct Nov Dec

Report for 2019 Nov
                   Monthly Climatological Summary for Nov 2019

Name: CM2Weather   City: Chelmsford   State: Essex
Elevation: 66 m  Lat: N 51 42 38   Lon: E 000 28 14

                  Temperature (C), Rain (mm), Wind Speed (mph)

                                      Heat  Cool        Avg
    Mean                              Deg   Deg         Wind                 Dom
Day Temp  High   Time   Low    Time   Days  Days  Rain  Speed High   Time    Dir
----------------------------------------------------------------------------------
01  12.6  15.1   22:30   7.9   00:00   0.8   0.0   3.2   2.6  16.0   22:20    SW
02  12.0  14.9   00:00   9.7   23:57   0.5   0.0   3.4   7.1  30.0   10:10    SW
03   9.7  15.1   12:30   6.7   07:08   2.5   0.0   0.2   1.2  11.0   00:04    SW
04   9.4  14.0   11:59   5.6   23:06   2.7   0.0   1.4   0.7   9.0   09:24    SW
05   8.8  12.8   14:19   5.7   00:19   3.2   0.0   0.2   2.7  16.0   20:36     N
06   7.1  11.4   12:14   4.2   07:46   4.9   0.0   0.0   0.9  14.0   00:17   NNW
07   7.9  10.8   12:46   3.7   23:59   4.1   0.0   5.8   1.6  16.0   04:23    SW
08   4.7   8.1   14:59   0.8   04:57   7.3   0.0   0.2   0.7  14.0   19:51   NNW
09   5.1   9.6   12:19   1.1   06:59   6.9   0.0   2.2   1.2  12.0   18:59   SSE
10   7.0  12.4   12:07   3.9   18:44   5.0   0.0   0.0   1.2  10.0   05:53    NE
11   7.2  10.0   13:13   4.7   23:52   4.8   0.0   4.6   2.6  16.0   13:33   WSW
12   6.0   9.2   11:36   3.7   07:25   6.0   0.0   0.4   3.1  19.0   14:51   WSW
13   6.6  11.7   12:16   3.4   07:34   5.4   0.0   0.2   0.2  11.0   21:24   SSE
14   6.3  10.3   12:50   3.7   21:33   5.7   0.0   5.2   0.8  17.0   05:01   ESE
15   6.3   8.4   12:28   4.1   00:15   5.7   0.0   1.0   2.9  17.0   15:23   NNE
16   6.3   7.7   14:10   5.1   23:56   5.7   0.0   0.0   0.1  10.0   00:35   ENE
17   5.2   9.9   13:33   2.3   06:47   6.8   0.0   0.0   0.1  10.0   20:54     N
18   5.6   9.0   12:06   1.6   22:46   6.4   0.0   0.2   2.6  17.0   12:46   NNW
19   3.0   7.0   14:27  -0.5   03:47   9.0   0.0   0.2   0.1   5.0   09:02   WSW
20   4.6   7.9   13:00   2.2   06:59   7.4   0.0   0.0   1.0  15.0   18:06   SSE
21   5.3   7.6   23:48   2.7   01:10   6.7   0.0   1.2   1.7  14.0   10:30   ESE
22   8.2   9.6   13:20   7.0   06:45   3.8   0.0   4.2   1.7  15.0   19:07    SE
23   9.6  12.6   12:00   7.2   23:45   2.4   0.0   1.4   1.8  13.0   15:54     E
24   9.2  11.9   14:10   5.6   01:18   2.8   0.0   0.0   0.9  10.0   12:40    SW
25   9.9  11.1   23:06   7.9   00:53   2.1   0.0   1.2   1.4  12.0   12:02   SSW
26  11.2  13.2   14:16  10.1   05:19   1.0   0.0   1.4   3.1  16.0   10:41   SSW
27  10.3  12.3   12:05   8.8   23:10   1.7   0.0  10.0   1.0  13.0   23:18   WSW
28   8.6  10.1   13:47   6.4   23:55   3.4   0.0   1.4   1.8  15.0   02:52   WNW
29   4.0   8.2   13:36   0.4   23:46   8.0   0.0   0.4   0.3  10.0   04:20   NNW
30   2.6   7.8   13:54  -1.5   06:07   9.4   0.0   0.2   0.2   9.0   12:22    NE
----------------------------------------------------------------------------------
     7.3  15.1     1    -1.5    30   142.1   0.0  49.8   1.6  30.0     2      SW

Max >=  35.7  0
Max <=  33.6 30
Min <= -20.6  0
Min <= -18.0  0
Max Rain: 10.0 on day 27
Days of Rain: 24 (>= 0.2 mm)  8 (>= 2.0 mm)  0 (>= 20.0 mm)
Heat Base: 12.0  Cool Base: 24.0  Method: Integration