NOAA Reports Climate Data

NOAA Reports

Select a Year or Month report
V/Λ2021 > Jan Feb Mar Apr May Jun Jul Aug Sep Oct Nov Dec
V/Λ2020 > Jan Feb Mar Apr May Jun Jul Aug Sep Oct Nov Dec
V/Λ2019 > Jan Feb Mar Apr May Jun Jul Aug Sep Oct Nov Dec
V/Λ2018 > Jan Feb Mar Apr May Jun Jul Aug Sep Oct Nov Dec
V/Λ2017 > Jan Feb Mar Apr May Jun Jul Aug Sep Oct Nov Dec
V/Λ2016 > Jan Feb Mar Apr May Jun Jul Aug Sep Oct Nov Dec
V/Λ2015 > Jan Feb Mar Apr May Jun Jul Aug Sep Oct Nov Dec
V/Λ2014 > Jan Feb Mar Apr May Jun Jul Aug Sep Oct Nov Dec
V/Λ2013 > Jan Feb Mar Apr May Jun Jul Aug Sep Oct Nov Dec
V/Λ2012 > Jan Feb Mar Apr May Jun Jul Aug Sep Oct Nov Dec
V/Λ2011 > Jan Feb Mar Apr May Jun Jul Aug Sep Oct Nov Dec

Report for 2020
                   Annual Climatological Summary for 2020

Name: CM2Weather   City: Chelmsford   State: Essex
Elevation: 66 m  Lat: N 51 42' 38"   Lon: E 000 28' 14"

                  Temperature (C), Heat Base: 12.0  Cool Base: 24.0
                          Dep.  Heat  Cool                       Max  Max  Min  Min
        Mean  Mean        From  Deg   Deg                        >=   <=   <=   <=
 YR MO  Max   Min   Mean  Norm  Days  Days  Hi  Date  Low  Date 35.7 33.6-20.6 -18.0
------------------------------------------------------------------------------------
 20  1  10.0   4.9   7.3  -0.1   146     0  14.0   9  -0.4   21    0   31    0    0
 20  2  11.4   4.4   7.6  -0.1   128     0  14.8  23   0.1    7    0   29    0    0
 20  3  12.3   4.0   7.7  -3.0   138     0  15.9  11   0.2   25    0   31    0    0
 20  4  18.7   5.9  11.9  -1.7    66     0  26.0  12  -1.3    1    0   30    0    0
 20  5  21.5   8.3  14.9  -2.1    36     4  28.6  21   1.3   12    0   31    0    0
 20  6  22.9  12.0  17.2  -3.0     7     8  31.3  26   5.5    9    0   30    0    0
 20  7  23.6  13.3  18.5  -4.4     1     8  34.5  31   9.6   21    0   30    0    0
 20  8  25.6  15.6  20.0  -2.7     1    24  36.6  12   9.8   31    2   26    0    0
 20  9  22.1  11.1  16.0  -3.3    11     5  32.3  15   6.6   26    0   30    0    0
 20 10  15.2   8.9  11.5  -3.5    41     0  19.5  20   5.4   10    0   31    0    0
 20 11  13.0   6.4   9.6  -0.9    86     0  17.6   1   0.0   27    0   30    0    0
 20 12   8.3   3.7   6.0  -1.7   182     0  13.6  22  -1.4   31    0   31    0    0
------------------------------------------------------------------------------------
        17.1   8.2  12.4  -2.2   844    49  36.6 Aug  -1.4  Dec    2  360    0    0

                                Precipitation (mm)

              Dep.   Max        Days of Rain
              From   Obs.           >=
 YR MO Total  Norm   Day Date  0.2  2.0 20.0
---------------------------------------------
 20  1  41.0 -12.2   8.6  27    19    7    0
 20  2  67.8  28.6  13.2  16    19   11    0
 20  3  26.8 -13.4  11.8   5    15    3    0
 20  4  27.2 -14.4  14.2  28     4    3    0
 20  5   3.6 -45.1   3.4   1     2    1    0
 20  6  95.0  45.1  64.0  18    18    4    1
 20  7  31.6 -12.7   7.0   8    15    7    0
 20  8  28.8 -22.9   4.6  19    12    8    0
 20  9  25.2 -23.4   6.6  30     9    4    0
 20 10  44.8 -19.3  21.8   2    23    2    1
 20 11  44.6 -13.4  22.8  15    16    4    1
 20 12 120.6  68.3  28.2   3    25   11    2
---------------------------------------------
       557.0 -34.8  64.0  Jun  177   65    5

                                Wind Speed (mph)
                          Dom
 YR MO   Avg.  Hi   Date  Dir
------------------------------
 20  1   2.2  35.0   14    SW
 20  2   5.4  44.0    9   WSW
 20  3   4.3  29.0   29     W
 20  4   2.6  24.0   30   ENE
 20  5   2.6  28.0   11    NE
 20  6   2.7  27.0   27   WSW
 20  7   2.1  27.0   27   WSW
 20  8   2.7  31.0   21     W
 20  9   1.9  30.0   25   NNW
 20 10   2.8  38.0   24    SW
 20 11   1.6  33.0    2    SW
 20 12   2.0  35.0   27   WSW
------------------------------
         2.7  44.0  Feb   WSW