NOAA Reports Climate Data

NOAA Reports

Select a Year or Month report
V/Λ2020 > Jan Feb Mar Apr May Jun Jul Aug Sep Oct Nov Dec
V/Λ2019 > Jan Feb Mar Apr May Jun Jul Aug Sep Oct Nov Dec
V/Λ2018 > Jan Feb Mar Apr May Jun Jul Aug Sep Oct Nov Dec
V/Λ2017 > Jan Feb Mar Apr May Jun Jul Aug Sep Oct Nov Dec
V/Λ2016 > Jan Feb Mar Apr May Jun Jul Aug Sep Oct Nov Dec
V/Λ2015 > Jan Feb Mar Apr May Jun Jul Aug Sep Oct Nov Dec
V/Λ2014 > Jan Feb Mar Apr May Jun Jul Aug Sep Oct Nov Dec
V/Λ2013 > Jan Feb Mar Apr May Jun Jul Aug Sep Oct Nov Dec
V/Λ2012 > Jan Feb Mar Apr May Jun Jul Aug Sep Oct Nov Dec
V/Λ2011 > Jan Feb Mar Apr May Jun Jul Aug Sep Oct Nov Dec

Report for 2020 Feb
                   Monthly Climatological Summary for Feb 2020

Name: CM2Weather   City: Chelmsford   State: Essex
Elevation: 66 m  Lat: N 51 42 38   Lon: E 000 28 14

                  Temperature (C), Rain (mm), Wind Speed (mph)

                                      Heat  Cool        Avg
    Mean                              Deg   Deg         Wind                 Dom
Day Temp  High   Time   Low    Time   Days  Days  Rain  Speed High   Time    Dir
----------------------------------------------------------------------------------
01  10.2  12.4   13:07   7.3   23:51   1.9   0.0   0.0   3.3  25.0   12:56   WSW
02  10.1  13.5   13:29   6.3   05:59   2.1   0.0   5.0   4.7  23.0   22:53   WSW
03   9.0  11.9   12:13   4.7   23:41   3.0   0.0   0.0   4.2  25.0   02:59   WSW
04   6.2   9.7   12:25   3.8   23:56   5.8   0.0   0.0   3.0  24.0   10:58   WNW
05   5.7  10.8   12:08   1.8   08:17   6.3   0.0   0.0   0.3   8.0   00:22   WSW
06   4.8  12.6   13:36   1.1   07:19   7.2   0.0   0.0   0.0   5.0   15:19     S
07   5.4  11.5   13:24   0.1   04:03   6.6   0.0   0.2   1.8  15.0   12:14   SSW
08   9.2  11.9   13:59   6.9   19:55   2.8   0.0   1.2   3.3  21.0   23:57    SW
09  10.5  12.9   15:56   8.6   00:00   1.6   0.0   8.4  10.9  44.0   11:16    SW
10   6.7  10.9   11:44   3.2   19:51   5.3   0.0   6.8   7.5  31.0   16:00   WSW
11   5.4   9.1   12:58   3.8   23:33   6.5   0.0   0.0   7.2  31.0   12:41   WSW
12   5.6   9.5   13:17   2.9   06:46   6.4   0.0   0.2   5.2  21.0   00:43   WSW
13   7.4  10.3   14:58   5.3   04:35   4.6   0.0   5.8   4.8  25.0   04:26   WSW
14   7.9  12.2   13:54   2.8   07:12   4.1   0.0   0.0   4.1  21.0   14:05    SW
15  11.8  13.0   23:14  10.1   01:28   0.4   0.0   2.4   9.4  37.0   22:31    SW
16  10.0  13.7   03:37   5.9   23:54   2.4   0.0  13.2   8.7  39.0   03:13    SW
17   7.8  11.4   14:55   5.5   23:57   4.2   0.0   0.2   6.5  23.0   10:19   WSW
18   7.0  11.2   14:02   4.3   05:19   5.0   0.0   0.4   6.5  23.0   14:41   WSW
19   6.3   9.2   20:21   2.9   06:36   5.7   0.0   0.4   4.3  17.0   11:53   WSW
20   7.7  10.8   12:00   3.8   22:14   4.3   0.0   3.0   6.4  29.0   10:02   WSW
21   7.8  10.9   14:44   3.9   00:00   4.2   0.0   0.0   6.4  27.0   12:22   WSW
22  11.0  14.3   12:32   9.1   01:35   1.3   0.0   0.0   8.6  29.0   01:17   WSW
23  10.1  14.8   12:12   5.6   22:10   2.3   0.0   1.0   6.1  33.0   07:47   WSW
24   9.1  11.9   17:02   5.9   00:00   2.9   0.0   3.4   5.9  27.0   16:50   WSW
25   6.3   9.9   13:21   2.9   23:58   5.7   0.0   0.8   4.9  20.0   09:11   WSW
26   4.4   9.1   13:58   1.5   06:54   7.6   0.0   0.0   4.1  19.0   11:58     W
27   4.0   7.8   14:27   1.4   09:39   8.0   0.0   6.6   3.6  25.0   14:41    NW
28   6.1  11.3   19:22   1.2   03:07   5.9   0.0   4.6   5.5  24.0   13:51    SW
29   7.7  11.3   01:56   4.8   17:49   4.3   0.0   4.2   8.7  34.0   14:57    SW
----------------------------------------------------------------------------------
     7.6  14.8    23     0.1     7   128.4   0.0  67.8   5.4  44.0     9     WSW

Max >=  35.7  0
Max <=  33.6 29
Min <= -20.6  0
Min <= -18.0  0
Max Rain: 13.2 on day 16
Days of Rain: 19 (>= 0.2 mm)  11 (>= 2.0 mm)  0 (>= 20.0 mm)
Heat Base: 12.0  Cool Base: 24.0  Method: Integration