NOAA Reports Climate Data

NOAA Reports


Report for 2020 Mar
                   Monthly Climatological Summary for Mar 2020

Name: CM2Weather   City: Chelmsford   State: Essex
Elevation: 66 m  Lat: N 51 42 38   Lon: E 000 28 14

                  Temperature (C), Rain (mm), Wind Speed (mph)

                                      Heat  Cool        Avg
    Mean                              Deg   Deg         Wind                 Dom
Day Temp  High   Time   Low    Time   Days  Days  Rain  Speed High   Time    Dir
----------------------------------------------------------------------------------
01   7.1  11.8   12:33   4.6   22:17   4.9   0.0   0.0   6.8  24.0   12:22    SW
02   6.1  10.7   14:48   3.6   23:57   5.9   0.0   1.6   2.8  17.0   13:41   WNW
03   5.3   9.8   10:39   2.1   04:20   6.7   0.0   0.2   2.8  16.0   10:36   WSW
04   5.8  10.9   10:45   2.6   06:38   6.2   0.0   2.0   1.6  10.0   22:45    SE
05   5.7   6.4   12:23   4.4   23:54   6.3   0.0  11.8   4.9  21.0   14:27   NNE
06   5.5  10.9   12:56   2.2   23:56   6.5   0.0   0.0   2.2  16.0   13:02   NNW
07   7.6  12.6   15:00   1.8   00:57   4.4   0.0   0.0   3.7  26.0   23:38    SW
08  10.0  15.2   13:23   6.2   23:57   2.3   0.0   1.6   5.8  25.0   06:33    SW
09   8.1  12.3   12:22   4.7   05:50   3.9   0.0   4.2   4.9  22.0   21:11   WSW
10  11.5  12.3   21:19  10.8   23:58   0.1   0.0   0.0   7.2  17.0   21:19     W
11  11.6  15.9   14:28   8.7   06:58   1.0   0.0   0.0   6.3  28.0   15:17   WSW
12   8.2  12.1   11:57   5.0   06:30   3.8   0.0   0.2   8.1  28.0   18:34   WSW
13   8.3  12.3   12:53   5.9   03:33   3.7   0.0   0.0   3.7  18.0   09:42   WSW
14   9.2  13.6   12:24   6.4   01:27   2.8   0.0   1.4   3.5  17.0   19:06   SSW
15   9.8  12.3   12:46   6.9   23:51   2.2   0.0   1.4   5.2  22.0   08:20    SW
16   7.9  13.6   13:55   3.0   05:57   4.2   0.0   0.2   1.3  10.0   12:51   WNW
17   9.8  15.7   12:20   4.9   04:41   2.9   0.0   0.0   4.5  18.0   11:44    SW
18  11.6  15.2   13:57   7.7   23:55   1.1   0.0   0.2   4.3  18.0   11:43    SW
19   7.4   9.1   15:38   6.1   05:12   4.6   0.0   0.6   3.2  14.0   22:31    NE
20   7.3  11.4   13:47   5.1   21:30   4.7   0.0   0.0   5.6  20.0   11:56    NE
21   7.1  12.2   11:40   3.3   05:01   4.9   0.0   0.0   5.1  23.0   07:52   ENE
22   6.7  10.9   12:01   2.0   06:00   5.3   0.0   0.0   5.5  22.0   08:52   ENE
23   6.5  12.8   11:59   2.1   05:46   5.5   0.0   0.0   2.6  17.0   13:05   ESE
24   7.7  15.7   11:49   0.8   05:18   5.1   0.0   0.0   1.4  14.0   08:42     S
25   7.1  15.8   11:12   0.2   06:30   5.4   0.0   0.0   1.8  13.0   13:54     E
26   6.7  14.4   12:30   0.2   04:31   5.6   0.0   0.0   3.3  17.0   16:06    NE
27   8.1  15.1   12:12   2.1   05:36   4.4   0.0   0.0   5.0  23.0   15:06    NE
28   7.2  11.3   09:38   4.3   23:33   4.8   0.0   0.0   7.1  27.0   10:38   NNE
29   4.9   8.5   11:33   1.9   23:53   6.8   0.0   0.8   7.5  29.0   11:43   NNE
30   5.8  11.2   15:41   1.8   00:03   6.2   0.0   0.4   3.6  17.0   15:31     N
31   5.8  10.4   12:09   1.7   23:56   6.2   0.0   0.2   2.4  15.0   10:29    NE
----------------------------------------------------------------------------------
     7.7  15.9    11     0.2    25   138.4   0.0  26.8   4.3  29.0    29     WNW

Max >=  35.7  0
Max <=  33.6 31
Min <= -20.6  0
Min <= -18.0  0
Max Rain: 11.8 on day 5
Days of Rain: 15 (>= 0.2 mm)  3 (>= 2.0 mm)  0 (>= 20.0 mm)
Heat Base: 12.0  Cool Base: 24.0  Method: Integration