NOAA Reports Climate Data

NOAA Reports

Select a Year or Month report
V/Λ2020 > Jan Feb Mar Apr May Jun Jul Aug Sep Oct Nov Dec
V/Λ2019 > Jan Feb Mar Apr May Jun Jul Aug Sep Oct Nov Dec
V/Λ2018 > Jan Feb Mar Apr May Jun Jul Aug Sep Oct Nov Dec
V/Λ2017 > Jan Feb Mar Apr May Jun Jul Aug Sep Oct Nov Dec
V/Λ2016 > Jan Feb Mar Apr May Jun Jul Aug Sep Oct Nov Dec
V/Λ2015 > Jan Feb Mar Apr May Jun Jul Aug Sep Oct Nov Dec
V/Λ2014 > Jan Feb Mar Apr May Jun Jul Aug Sep Oct Nov Dec
V/Λ2013 > Jan Feb Mar Apr May Jun Jul Aug Sep Oct Nov Dec
V/Λ2012 > Jan Feb Mar Apr May Jun Jul Aug Sep Oct Nov Dec
V/Λ2011 > Jan Feb Mar Apr May Jun Jul Aug Sep Oct Nov Dec

Report for 2020 Jun
                   Monthly Climatological Summary for Jun 2020

Name: CM2Weather   City: Chelmsford   State: Essex
Elevation: 66 m  Lat: N 51 42 38   Lon: E 000 28 14

                  Temperature (C), Rain (mm), Wind Speed (mph)

                                      Heat  Cool        Avg
    Mean                              Deg   Deg         Wind                 Dom
Day Temp  High   Time   Low    Time   Days  Days  Rain  Speed High   Time    Dir
----------------------------------------------------------------------------------
01  18.6  26.7   10:57  10.8   04:59   0.1   0.2   0.0   2.7  16.0   13:02   ENE
02  18.9  25.8   12:57  10.7   04:58   0.1   0.2   0.0   2.5  14.0   11:09     N
03  16.4  22.6   10:43  12.2   04:13   0.0   0.0   0.0   2.9  17.0   18:19     N
04  12.7  17.9   13:16  10.4   04:46   0.5   0.0   0.2   4.1  19.0   08:00   NNW
05  12.7  16.3   17:22   9.8   23:47   0.5   0.0   1.6   2.6  21.0   10:25   WNW
06  10.6  15.2   16:15   7.3   05:00   1.7   0.0   7.2   3.7  23.0   10:47   WSW
07  12.2  19.9   12:19   7.2   04:36   1.3   0.0   1.0   2.2  16.0   12:45   NNW
08  12.3  16.3   14:35   9.0   23:57   0.9   0.0   0.4   3.7  16.0   14:27     N
09  13.8  20.9   12:42   5.5   04:11   1.4   0.0   0.2   1.4  10.0   19:54     E
10  12.4  13.9   14:16  10.9   23:11   0.2   0.0  10.4   1.5  14.0   02:08   SSW
11  14.3  20.6   13:40  10.6   05:07   0.3   0.0   0.2   3.3  19.0   16:13    NE
12  16.4  21.7   10:07  13.1   05:05   0.0   0.0   0.2   3.3  18.0   12:58   ENE
13  19.3  25.8   11:39  12.8   05:11   0.0   0.2   0.4   2.2  14.0   11:52    SE
14  19.4  25.8   11:05  12.7   04:46   0.0   0.1   0.0   2.0  15.0   11:51   SSW
15  19.8  27.5   11:44  12.1   05:12   0.0   0.3   0.0   1.3  11.0   12:42   SSW
16  20.2  27.2   11:03  13.9   04:52   0.0   0.2   0.0   1.6  12.0   16:48     S
17  19.9  27.2   12:52  13.3   03:39   0.0   0.3   1.2   1.3  14.0   15:28     E
18  16.5  21.1   17:24  14.0   23:59   0.0   0.0  64.0   2.1  17.0   13:03    SW
19  16.6  20.3   16:10  12.8   04:23   0.0   0.0   0.4   3.6  18.0   11:16    SW
20  17.9  22.4   16:53  11.9   03:53   0.0   0.0   0.0   2.6  15.0   17:41    SW
21  18.4  23.6   15:46  14.3   23:57   0.0   0.0   0.4   2.8  15.0   07:42    SW
22  18.4  24.4   12:51  10.2   04:35   0.2   0.0   0.0   2.6  14.0   19:29    SW
23  20.8  28.1   13:36  13.2   04:45   0.0   0.9   0.0   2.1  12.0   15:07     S
24  22.8  30.1   11:43  13.7   04:48   0.0   1.8   0.0   2.3  12.0   14:04     E
25  24.0  30.7   11:16  16.4   05:24   0.0   2.0   0.0   2.6  14.0   17:33     E
26  23.5  31.3   11:52  16.6   04:19   0.0   2.2   4.4   2.5  16.0   17:39   SSW
27  17.5  21.0   15:29  15.2   03:34   0.0   0.0   1.2   4.8  27.0   14:58    SW
28  16.5  21.9   13:31  12.4   23:58   0.0   0.0   1.4   4.3  18.0   11:48   WSW
29  15.8  20.6   14:14  12.1   00:30   0.0   0.0   0.2   4.4  21.0   13:09   WSW
30  16.4  19.7   17:04  14.0   06:37   0.0   0.0   0.0   2.9  14.0   00:42   WSW
----------------------------------------------------------------------------------
    17.2  31.3    26     5.5     9     7.2   8.4  95.0   2.7  27.0    27      SW

Max >=  35.7  0
Max <=  33.6 30
Min <= -20.6  0
Min <= -18.0  0
Max Rain: 64.0 on day 18
Days of Rain: 18 (>= 0.2 mm)  4 (>= 2.0 mm)  1 (>= 20.0 mm)
Heat Base: 12.0  Cool Base: 24.0  Method: Integration