NOAA Reports Climate Data

NOAA Reports

Select a Year or Month report

Report for 2020 Jul
                   Monthly Climatological Summary for Jul 2020

Name: CM2Weather   City: Chelmsford   State: Essex
Elevation: 66 m  Lat: N 51 42 38   Lon: E 000 28 14

                  Temperature (C), Rain (mm), Wind Speed (mph)

                                      Heat  Cool        Avg
    Mean                              Deg   Deg         Wind                 Dom
Day Temp  High   Time   Low    Time   Days  Days  Rain  Speed High   Time    Dir
----------------------------------------------------------------------------------
01  18.7  23.2   10:57  14.9   05:27   0.0   0.0   0.4   3.3  20.0   17:11   WSW
02  16.6  20.6   12:20  12.5   05:06   0.0   0.0   4.0   1.8  14.0   14:39   WSW
03  17.3  22.7   14:38  12.0   04:48   0.0   0.0   0.4   3.5  22.0   12:37   WSW
04  18.2  21.4   15:23  15.2   00:00   0.0   0.0   0.0   4.8  18.0   04:52    SW
05  19.2  23.2   14:07  14.0   23:59   0.0   0.0   0.0   5.3  25.0   13:25   WSW
06  16.4  20.5   17:10  12.1   05:21   0.0   0.0   0.0   2.0  15.0   01:18     W
07  16.5  22.5   11:03  11.1   03:23   0.1   0.0   2.0   1.5  14.0   14:38   WSW
08  16.9  20.2   12:32  13.9   00:00   0.0   0.0   7.0   1.2   9.0   13:07    SW
09  17.7  20.9   11:28  15.5   23:59   0.0   0.0   2.8   2.4  14.0   10:57   WSW
10  15.9  20.0   14:27  12.6   06:33   0.0   0.0   1.8   2.3  15.0   17:49   NNW
11  16.0  21.3   10:58   9.7   05:01   0.3   0.0   0.4   1.4  16.0   07:58   NNW
12  18.2  25.8   12:54   9.9   05:37   0.2   0.0   0.2   1.2  11.0   22:04   SSW
13  19.9  27.2   13:16  12.7   05:01   0.0   0.5   1.2   1.8  14.0   19:14   WSW
14  18.2  22.5   10:42  15.7   23:54   0.0   0.0   5.2   2.0  13.0   17:57   NNW
15  16.5  21.2   11:35  10.8   04:41   0.1   0.0   0.0   0.9  10.0   14:37   WNW
16  18.1  21.8   16:58  15.3   04:16   0.0   0.0   0.0   1.8  15.0   10:09   NNW
17  22.7  28.5   17:47  17.2   05:03   0.0   1.3   0.0   0.9  11.0   14:47     W
18  20.3  25.6   15:32  15.4   04:10   0.0   0.2   0.0   1.6  13.0   17:42     W
19  17.3  20.2   17:54  13.1   23:58   0.0   0.0   0.2   1.8  14.0   10:55     N
20  17.0  23.3   12:14   9.9   05:23   0.2   0.0   0.0   2.0  13.0   14:24     N
21  17.0  22.9   11:13   9.6   05:22   0.3   0.0   0.0   1.6  13.0   16:35     N
22  19.9  25.9   14:08  13.7   00:15   0.0   0.2   0.0   1.8  12.0   17:48    SW
23  20.7  26.7   13:54  14.5   06:01   0.0   0.3   0.0   2.2  13.0   15:31   WSW
24  20.3  25.1   13:49  16.6   04:29   0.0   0.1   0.0   1.6  13.0   19:47   WSW
25  18.5  22.7   13:54  14.5   23:57   0.0   0.0   3.2   3.0  20.0   13:31    SW
26  17.6  23.9   13:49  12.8   05:41   0.0   0.0   0.8   2.2  14.0   16:00   WSW
27  17.7  21.1   12:22  15.6   05:10   0.0   0.0   2.0   3.5  27.0   15:07    SW
28  17.1  21.3   14:47  12.7   04:13   0.0   0.0   0.0   1.7  15.0   13:33     W
29  18.0  24.9   15:22  10.1   05:38   0.2   0.0   0.0   1.1  10.0   12:37   WSW
30  22.0  29.8   12:32  13.7   05:47   0.0   1.5   0.0   1.6  11.0   17:10   SSE
31  25.7  34.5   17:37  15.8   04:41   0.0   4.0   0.0   2.3  21.0   17:41    SE
----------------------------------------------------------------------------------
    18.5  34.5    31     9.6    21     1.4   8.1  31.6   2.1  27.0    27     WSW

Max >=  35.7  0
Max <=  33.6 30
Min <= -20.6  0
Min <= -18.0  0
Max Rain: 7.0 on day 8
Days of Rain: 15 (>= 0.2 mm)  7 (>= 2.0 mm)  0 (>= 20.0 mm)
Heat Base: 12.0  Cool Base: 24.0  Method: Integration