NOAA Reports Climate Data

NOAA Reports

Select a Year or Month report

Report for 2020 Nov
                   Monthly Climatological Summary for Nov 2020

Name: CM2Weather   City: Chelmsford   State: Essex
Elevation: 66 m  Lat: N 51 42' 38"   Lon: E 000 28' 14"

                  Temperature (C), Rain (mm), Wind Speed (mph)

                                      Heat  Cool        Avg
    Mean                              Deg   Deg         Wind                 Dom
Day Temp  High   Time   Low    Time   Days  Days  Rain  Speed High   Time    Dir
----------------------------------------------------------------------------------
01  14.6  17.6   20:03  10.2   00:17   0.3   0.0   0.0   7.2  28.0   22:00    SW
02  14.3  17.6   06:21   7.7   23:56   0.6   0.0   0.0   8.3  33.0   05:42   WSW
03   7.7  10.6   12:47   4.7   23:57   4.3   0.0   0.0   1.9  19.0   07:15   WSW
04   6.0  13.6   13:27   2.2   06:09   6.1   0.0   1.4   0.2   9.0   13:29   NNW
05   5.4  12.2   13:46   1.9   05:40   6.6   0.0   0.0   0.0   4.0   15:20   NNW
06   7.3  13.8   11:44   2.5   05:38   4.8   0.0   0.0   0.5  14.0   11:46     E
07   9.5  16.1   12:24   4.7   06:52   3.1   0.0   0.0   0.1   9.0   10:54     E
08  12.7  17.4   13:02   8.9   00:12   0.7   0.0   1.0   0.0   4.0   12:22    SE
09  13.5  15.4   12:38  11.9   07:33   0.0   0.0   4.6   0.0   3.0   15:27     N
10  13.0  16.8   13:06  10.3   22:34   0.2   0.0   0.6   0.0   3.0   12:01     N
11  11.6  13.2   13:12   9.5   02:07   0.7   0.0   1.6   2.4  20.0   21:28   SSW
12  10.7  14.1   12:15   8.7   23:21   1.5   0.0   4.2   1.9  20.0   00:18    SW
13  10.7  13.7   12:41   8.8   00:00   1.5   0.0   0.0   0.5  15.0   09:34   WSW
14  12.6  14.8   10:51   9.1   01:53   0.7   0.0   3.6   3.4  24.0   20:17   SSW
15  11.1  14.6   03:50   7.6   20:23   1.5   0.0  22.8   3.7  26.0   15:10    SW
16  10.1  12.8   23:53   7.7   00:35   1.6   0.0   1.2   3.4  20.0   04:37   WSW
17  13.0  14.7   11:07  11.9   06:03   0.0   0.0   0.0   3.1  20.0   14:01    SW
18  12.4  16.7   12:27   8.4   23:47   0.6   0.0   0.0   4.2  21.0   12:22    SW
19   7.5  10.0   09:54   3.3   22:10   4.5   0.0   0.2   2.1  24.0   03:13   WSW
20   6.4  10.6   23:18   1.9   04:52   5.6   0.0   1.0   0.5  16.0   13:26    SW
21  11.1  12.2   13:30  10.1   01:26   0.9   0.0   0.0   4.3  25.0   06:26   WSW
22   8.4  11.8   13:17   3.2   22:29   3.7   0.0   0.4   0.0   9.0   02:08   WSW
23   6.4  10.7   12:36   2.1   03:13   5.6   0.0   0.0   0.2  11.0   19:43   SSW
24  10.2  12.4   12:19   8.4   00:00   1.8   0.0   0.2   1.4  16.0   12:21   SSW
25   9.7  13.6   14:05   7.1   23:57   2.4   0.0   0.0   0.0   9.0   15:25     N
26   6.0   9.1   12:50   1.3   23:59   6.0   0.0   0.0   0.0   0.0   00:00     N
27   3.0   5.9   14:54   0.0   03:08   9.0   0.0   0.4   0.0   3.0   16:57     N
28   8.4  10.8   13:21   5.9   00:00   3.6   0.0   0.0   0.0   4.0   11:49     N
29   7.6   8.7   03:25   6.8   23:59   4.4   0.0   0.2   0.0   0.0   00:00     N
30   7.2   9.6   19:20   5.8   23:54   4.2   0.0   1.2   0.3  23.0   21:40   NNW
----------------------------------------------------------------------------------
     9.6  17.6     1     0.0    27    86.5   0.0  44.6   1.6  33.0     2      SW

Max >=  35.7  0
Max <=  33.6 30
Min <= -20.6  0
Min <= -18.0  0
Max Rain: 22.8 on day 15
Days of Rain: 16 (>= 0.2 mm)  4 (>= 2.0 mm)  1 (>= 20.0 mm)
Heat Base: 12.0  Cool Base: 24.0  Method: Integration