NOAA Reports Climate Data

NOAA Reports

Select a Year or Month report

Report for 2021 Jun
                   Monthly Climatological Summary for Jun 2021

Name: CM2Weather   City: Chelmsford   State: Essex
Elevation: 66 m  Lat: N 51 42' 38"   Lon: E 000 28' 14"

                  Temperature (C), Rain (mm), Wind Speed (mph)

                                      Heat  Cool        Avg
    Mean                              Deg   Deg         Wind                 Dom
Day Temp  High   Time   Low    Time   Days  Days  Rain  Speed High   Time    Dir
----------------------------------------------------------------------------------
01  18.8  26.9   11:51  10.1   04:48   0.3   0.3   0.0   0.6  13.0   19:45     E
02  19.9  27.6   13:43  11.8   04:58   0.0   0.6   0.0   0.5  10.0   13:47     E
03  21.2  27.2   14:10  16.7   03:18   0.0   0.5   0.0   0.5   8.0   08:52   WSW
04  14.9  17.8   08:23  12.9   23:06   0.0   0.0  13.0   0.8  12.0   16:40     N
05  17.6  24.1   14:59  12.5   02:09   0.0   0.0   0.2   0.3  10.0   13:27   NNW
06  18.3  24.2   10:59  12.2   05:00   0.0   0.0   0.6   0.1   6.0   12:20   ENE
07  19.8  26.6   14:04  13.3   04:43   0.0   0.3   0.2   0.5   9.0   11:15     S
08  20.2  27.2   14:06  11.9   05:16   0.0   0.5   0.0   0.5  11.0   14:30    SW
09  21.3  28.2   14:50  13.1   05:30   0.0   0.9   0.0   0.3  11.0   15:00   WSW
10  20.9  25.9   15:29  15.8   05:20   0.0   0.1   0.0   0.6   9.0   12:45   WSW
11  20.3  26.0   15:50  15.7   03:08   0.0   0.1   0.0   1.0  14.0   15:35   WSW
12  19.4  24.5   12:45  13.9   23:57   0.0   0.0   0.0  ----  10.0   14:08   NNW
13  20.9  28.3   13:06  11.8   04:19   0.0   1.0   0.0  ----  10.0   19:02    SW
14  22.5  29.4   12:52  14.9   05:08   0.0   1.3   0.0  ----  12.0   16:55    NW
15  19.3  25.6   13:52  14.4   23:58   0.0   0.1   0.0  ----  10.0   03:39     E
16  22.0  29.3   14:39  12.6   04:29   0.0   1.6   6.6  ----  11.0   15:42    SW
17  19.0  20.9   14:34  16.8   23:52   0.0   0.0   6.2  ----  10.0   15:17     N
18  15.1  16.8   00:00  12.8   23:48   0.0   0.0  26.4  ----  13.0   19:26   NNE
19  13.7  16.2   14:11  11.8   04:32   0.0   0.0   1.0  ----  11.0   19:46    NE
20  14.7  18.2   13:35  12.8   03:34   0.0   0.0   2.6  ----  11.0   23:47    NE
21  12.9  14.2   14:57  11.4   04:45   0.1   0.0   2.0  ----  15.0   14:48    NE
22  14.0  17.3   12:22  11.2   05:15   0.1   0.0   0.0  ----  17.0   11:23   NNE
23  15.3  22.4   13:00   7.5   05:02   0.8   0.0   0.0  ----   9.0   15:30    NE
24  17.6  24.6   12:36   9.0   04:03   0.4   0.0   0.0  ----  14.0   12:51   WNW
25  17.8  22.9   13:00  14.6   23:50   0.0   0.0   7.2  ----  11.0   11:43     N
26  18.3  24.4   14:36  13.1   04:25   0.0   0.0   0.0  ----   8.0   15:38     E
27  17.9  22.6   15:46  15.4   03:27   0.0   0.0   2.2  ----  13.0   08:32    NE
28  17.1  19.2   14:44  15.7   00:19   0.0   0.0   1.8  ----  11.0   00:20   NNE
29  15.7  17.8   12:09  13.3   23:58   0.0   0.0   0.4  ----   9.0   09:40     N
30  14.5  17.5   13:42  13.1   04:43   0.0   0.0   0.4  ----  13.0   09:56     N
----------------------------------------------------------------------------------
    18.0  29.4    14     7.5    23     1.7   7.3  70.8   0.5  17.0    22     WSW

Max >=  35.7  0
Max <=  33.6 30
Min <= -20.6  0
Min <= -18.0  0
Max Rain: 26.4 on day 18
Days of Rain: 15 (>= 0.2 mm)  8 (>= 2.0 mm)  1 (>= 20.0 mm)
Heat Base: 12.0  Cool Base: 24.0  Method: Integration