NOAA Reports Climate Data

NOAA Reports

Select a Year or Month report

Report for 2021 Aug
                   Monthly Climatological Summary for Aug 2021

Name: CM2Weather   City: Chelmsford   State: Essex
Elevation: 66 m  Lat: N 51 42' 38"   Lon: E 000 28' 14"

                  Temperature (C), Rain (mm), Wind Speed (mph)

                                      Heat  Cool        Avg
    Mean                              Deg   Deg         Wind                 Dom
Day Temp  High   Time   Low    Time   Days  Days  Rain  Speed High   Time    Dir
----------------------------------------------------------------------------------
01  16.6  21.4   10:52  13.5   23:38   0.0   0.0   3.0  ----  11.0   14:49     N
02  17.1  23.3   11:42  12.2   05:28   0.0   0.0   0.0  ----   9.0   16:42     S
03  17.4  23.9   12:15  13.2   05:57   0.0   0.0   0.0  ----  12.0   16:53    SE
04  18.1  26.3   11:14  10.2   05:08   0.2   0.1   0.0  ----  10.0   16:06   SSE
05  18.0  24.7   10:10  13.1   05:48   0.0   0.0   4.6  ----  19.0   14:20   SSW
06  17.6  23.3   14:40  13.9   23:57   0.0   0.0   0.8  ----  21.0   13:40    SW
07  15.8  19.3   11:53  13.1   04:53   0.0   0.0   7.8  ----  15.0   14:34    SW
08  16.5  21.1   14:45  13.1   05:43   0.0   0.0   0.0  ----  20.0   09:41   WSW
09  16.0  22.7   14:21  13.6   02:41   0.0   0.0  11.8  ----  16.0   12:26    SW
10  18.9  24.1   13:12  13.6   05:39   0.0   0.0   0.0  ----  12.0   12:37   WSW
11  19.6  25.8   11:38  14.1   05:39   0.0   0.1   0.0  ----  13.0   14:21    SW
12  18.9  22.5   14:57  15.8   02:28   0.0   0.0   0.0  ----  12.0   12:18    SW
13  18.0  22.9   16:05  13.7   04:51   0.0   0.0   0.0  ----  14.0   14:53   WSW
14  20.2  25.6   13:17  14.8   06:06   0.0   0.1   0.0  ----  12.0   12:35   WSW
15  19.5  25.4   13:33  13.3   05:58   0.0   0.1   0.0  ----  15.0   16:01   WSW
16  15.9  18.7   12:21  12.6   23:58   0.0   0.0   0.6  ----  19.0   11:01    NW
17  15.2  18.0   17:56  11.2   03:45   0.0   0.0   0.2  ----  11.0   22:13     W
18  19.1  23.7   14:34  15.7   05:15   0.0   0.0   0.0  ----  11.0   12:29     W
19  18.7  23.5   15:51  15.4   06:01   0.0   0.0   0.0  ----  11.0   17:04   WSW
20  19.2  25.5   12:52  15.9   03:34   0.0   0.0   0.0  ----   9.0   13:16   WSW
21  18.3  22.0   11:10  15.7   05:24   0.0   0.0   0.4  ----   5.0   21:02   SSW
22  17.7  20.4   11:48  15.2   06:30   0.0   0.0   2.8  ----  12.0   13:45   NNW
23  17.3  21.8   14:13  13.3   23:53   0.0   0.0   0.0  ----  13.0   17:20   NNE
24  17.6  24.3   12:53  12.6   01:41   0.0   0.0   0.0  ----  13.0   18:03   ENE
25  17.7  24.6   13:31  13.2   04:08   0.0   0.0   0.0  ----  17.0   19:56     N
26  16.1  18.4   14:19  14.3   07:04   0.0   0.0   0.0  ----  18.0   14:39     N
27  16.4  22.3   10:54  12.1   03:44   0.0   0.0   0.0  ----  15.0   18:30     N
28  16.0  21.3   14:30  11.7   02:58   0.0   0.0   0.0  ----  14.0   13:30     N
29  15.7  21.5   10:57  10.5   04:56   0.2   0.0   0.0  ----  12.0   13:57     N
30  15.7  17.3   12:18  14.3   03:06   0.0   0.0   0.0  ----  11.0   16:18     N
31  16.1  20.1   12:11  14.2   04:45   0.0   0.0   0.0  ----  11.0   12:05   NNE
----------------------------------------------------------------------------------
    17.4  26.3     4    10.2     4     0.4   0.4  32.0  ----  21.0     6       E

Max >=  35.7  0
Max <=  33.6 31
Min <= -20.6  0
Min <= -18.0  0
Max Rain: 11.8 on day 9
Days of Rain: 9 (>= 0.2 mm)  5 (>= 2.0 mm)  0 (>= 20.0 mm)
Heat Base: 12.0  Cool Base: 24.0  Method: Integration