NOAA Reports

Select a Year or Month report
V/Λ2022 > Jan Feb Mar Apr May Jun Jul Aug Sep Oct Nov Dec
V/Λ2021 > Jan Feb Mar Apr May Jun Jul Aug Sep Oct Nov Dec
V/Λ2020 > Jan Feb Mar Apr May Jun Jul Aug Sep Oct Nov Dec
V/Λ2019 > Jan Feb Mar Apr May Jun Jul Aug Sep Oct Nov Dec
V/Λ2018 > Jan Feb Mar Apr May Jun Jul Aug Sep Oct Nov Dec
V/Λ2017 > Jan Feb Mar Apr May Jun Jul Aug Sep Oct Nov Dec
V/Λ2016 > Jan Feb Mar Apr May Jun Jul Aug Sep Oct Nov Dec
V/Λ2015 > Jan Feb Mar Apr May Jun Jul Aug Sep Oct Nov Dec
V/Λ2014 > Jan Feb Mar Apr May Jun Jul Aug Sep Oct Nov Dec
V/Λ2013 > Jan Feb Mar Apr May Jun Jul Aug Sep Oct Nov Dec
V/Λ2012 > Jan Feb Mar Apr May Jun Jul Aug Sep Oct Nov Dec
V/Λ2011 > Jan Feb Mar Apr May Jun Jul Aug Sep Oct Nov Dec

Report for 2021 Nov
                   Monthly Climatological Summary for Nov 2021

Name: CM2Weather   City: Chelmsford   State: Essex
Elevation: 66 m  Lat: N 51 42' 38"   Lon: E 000 28' 14"

                  Temperature (C), Rain (mm), Wind Speed (mph)

                                      Heat  Cool        Avg
    Mean                              Deg   Deg         Wind                 Dom
Day Temp  High   Time   Low    Time   Days  Days  Rain  Speed High   Time    Dir
----------------------------------------------------------------------------------
01  10.1  14.4   12:43   6.1   23:50   2.2   0.0   0.2   2.2  17.0   10:14   WSW
02   7.0  13.7   12:45   3.6   23:56   5.1   0.0   0.2   0.0   5.0   11:46   WSW
03   6.2  10.2   14:51   2.0   05:08   5.8   0.0   0.0   0.8  12.0   23:29   NNW
04   7.2   9.3   13:07   3.6   23:40   4.8   0.0   0.2   1.8  19.0   10:24   NNW
05   6.5  11.3   12:42   1.7   05:22   5.5   0.0   9.0   0.6  10.0   14:49   WSW
06  11.0  13.1   11:06   8.4   02:00   1.2   0.0   3.2   2.7  19.0   18:33   WSW
07   9.4  12.9   12:54   6.2   20:53   2.7   0.0   0.4   0.7  17.0   13:40   WNW
08   8.4  12.2   13:27   4.2   07:19   3.6   0.0   0.2   0.4   7.0   22:55    SW
09  12.8  17.1   12:03  10.7   23:57   0.2   0.0   0.2   1.6  11.0   11:46    SW
10  12.2  13.9   12:11  10.3   00:29   0.4   0.0   0.2   0.7  10.0   02:51    SW
11  12.3  15.9   13:20   9.8   23:33   0.5   0.0   0.2   0.5   8.0   23:46    SW
12  11.6  15.1   13:27   9.1   01:14   0.8   0.0   0.0   2.0  17.0   10:26    SW
13  11.5  12.8   12:19   9.9   23:20   0.6   0.0   0.0   0.8  13.0   21:59    NW
14  11.3  13.3   13:11   9.9   00:00   0.9   0.0   0.4   0.7  11.0   06:50   NNE
15  10.4  11.5   12:57   9.7   06:17   1.6   0.0   0.0   0.0   4.0   11:16   NNE
16   9.9  13.2   13:40   6.7   07:48   2.2   0.0   0.0   0.4   7.0   21:34    SW
17   9.0  12.6   13:05   6.6   23:55   3.0   0.0   0.0   0.2   8.0   12:56   WNW
18  10.2  14.9   12:50   6.0   01:25   2.3   0.0   0.0   0.7  13.0   10:47   WSW
19  11.0  12.8   12:52   8.7   07:19   1.1   0.0   0.0   0.1   7.0   14:52   WSW
20  10.2  10.9   11:15   9.3   23:57   1.8   0.0   0.0   0.2   8.0   11:23     W
21   6.3   9.3   00:00   3.4   23:21   5.7   0.0   0.0   1.4  20.0   12:38   NNW
22   5.7  10.9   13:00   3.2   08:16   6.3   0.0   0.0   0.8  13.0   04:19   NNE
23   4.5  10.2   13:47   1.7   07:14   7.5   0.0   0.0   0.2   5.0   12:34   NNW
24   4.7   7.4   14:23   1.1   02:16   7.3   0.0   4.0   0.0   4.0   21:13   NNW
25   4.5   7.8   13:42   2.3   20:57   7.5   0.0   0.2   0.8  14.0   12:55   NNW
26   4.9   8.8   12:25   1.9   00:31   7.1   0.0   1.2   1.4  22.0   15:43   WSW
27   3.6   6.2   11:31   1.4   03:44   8.4   0.0   2.4   2.5  25.0   15:03   NNW
28   1.8   4.7   14:08  -0.1   23:15  10.2   0.0   0.0   1.6  22.0   00:09    NW
29   1.7   4.6   23:59  -0.8   07:54  10.3   0.0   0.2   0.9  12.0   21:48     W
30   9.5  11.8   13:29   4.5   00:00   2.5   0.0   0.0   1.4  21.0   23:30   WSW
----------------------------------------------------------------------------------
     8.2  17.1     9    -0.8    29   119.1   0.0  22.4   0.9  25.0    27       W

Max >=  35.7  0
Max <=  33.6 30
Min <= -20.6  0
Min <= -18.0  0
Max Rain: 9.0 on day 5
Days of Rain: 16 (>= 0.2 mm)  4 (>= 2.0 mm)  0 (>= 20.0 mm)
Heat Base: 12.0  Cool Base: 24.0  Method: Integration