NOAA Reports

Select a Year or Month report

Report for 2022 Jan
                   Monthly Climatological Summary for Jan 2022

Name: CM2Weather   City: Chelmsford   State: Essex
Elevation: 66 m  Lat: N 51 42' 38"   Lon: E 000 28' 14"

                  Temperature (C), Rain (mm), Wind Speed (mph)

                                      Heat  Cool        Avg
    Mean                              Deg   Deg         Wind                 Dom
Day Temp  High   Time   Low    Time   Days  Days  Rain  Speed High   Time    Dir
----------------------------------------------------------------------------------
06  12.0  14.9   13:13   6.4   18:02   6.0   0.0   0.0   5.6  23.0   18:15    SW
07   4.5   6.9   23:55   1.8   23:41  13.8   0.0   0.0   3.9  18.0   05:30   WSW
08   5.9   9.8   14:53   1.9   00:00  12.3   0.0   4.4   4.0  25.0   20:05    SW
09   4.4   8.2   13:36   2.0   23:53  13.9   0.0   0.0   2.0  16.0   01:10   WSW
10   4.6   7.7   23:51   1.2   05:12  13.6   0.0   0.0   0.9  11.0   22:20     S
11   8.8  10.2   14:17   6.5   23:54   9.5   0.0   0.8   2.1  11.0   06:20   SSW
12   4.4   8.7   14:52   0.9   08:13  13.8   0.0   0.2   0.8   6.0   10:05   WNW
13   5.0  11.4   14:32   1.9   08:24  13.3   0.0   0.2   1.4   8.0   17:20   WSW
14   3.1   9.6   14:28   0.3   06:42  15.2   0.0   0.0   0.3   5.0   12:10   WNW
15   3.1   5.1   13:35   0.3   02:10  15.1   0.0   0.0   0.7   7.0   07:50   SSW
16   5.8   9.5   15:07   2.6   02:35  12.5   0.0   0.0   1.3  10.0   12:20     W
17   4.0   9.6   15:11   1.6   07:25  14.3   0.0   0.0   1.0   9.0   04:50   WNW
18   2.7   5.3   15:37  -1.4   08:11  15.6   0.0   0.2   0.6   9.0   12:45   SSW
19   5.5   9.7   14:29   2.7   23:38  12.8   0.0   0.0   2.4  19.0   15:25     W
20   2.5   5.1   14:28   0.5   07:44  15.8   0.0   0.2   3.1  16.0   13:00    NW
21   1.6   4.8   17:43  -1.2   07:30  12.5   0.0   0.0   1.5  11.0   23:59     W
22   4.3   7.4   13:13   1.1   05:58  14.0   0.0   0.0   1.2  12.0   12:17   WNW
23   5.6   6.9   12:54   5.0   21:50  12.7   0.0   0.2   0.2   6.0   16:19    SW
24   4.1   5.2   00:00   3.5   19:34  14.2   0.0   0.0   0.2   6.0   14:26   ESE
25   2.9   3.8   02:05   1.7   21:09  15.4   0.0   0.0   0.8  10.0   22:49     W
26   5.3   8.9   14:13   2.5   00:37  13.0   0.0   0.0   2.4  15.0   23:54   WSW
27   7.9  11.4   14:51   4.2   23:48   9.1   0.0   0.0   3.2  19.0   13:50     W
28   6.9  10.1   15:02   3.1   07:34  10.0   0.0   0.0   3.1  17.0   23:13   WSW
29  10.3  14.2   12:44   5.6   23:57   7.0   0.0   0.0   4.8  25.0   13:37     W
30   5.7   9.6   13:09   0.9   07:57  11.0   0.0   0.2   2.9  22.0   22:03   WSW
31   5.9   8.6   12:58   3.8   22:56  10.9   0.0   0.4   6.0  30.0   11:31    NW
----------------------------------------------------------------------------------
     5.3  14.9     6    -1.4    18   327.3   0.0   6.8   2.0  30.0    31     WSW

Max >=  35.7  0
Max <=  33.6 26
Min <= -20.6  0
Min <= -18.0  0
Max Rain: 4.4 on day 8
Days of Rain: 9 (>= 0.2 mm)  1 (>= 2.0 mm)  0 (>= 20.0 mm)
Heat Base: 18.3  Cool Base: 18.3  Method: Integration