NOAA Reports

Select a Year or Month report

Report for 2022 Feb
                   Monthly Climatological Summary for Feb 2022

Name: CM2Weather   City: Chelmsford   State: Essex
Elevation: 66 m  Lat: N 51° 42' 38"   Lon: E 000° 28' 14"

                  Temperature (°C), Rain (mm), Wind Speed (mph)

                                      Heat  Cool        Avg
    Mean                              Deg   Deg         Wind                 Dom
Day Temp  High   Time   Low    Time   Days  Days  Rain  Speed High   Time    Dir
----------------------------------------------------------------------------------
01  10.5  14.7   13:19   5.1   00:00   6.8   0.0   0.0   4.5  21.0   14:45     W
02  10.3  12.1   14:44   8.8   19:50   7.0   0.0   8.6   2.2  13.0   12:21     W
03   8.8  10.0   14:13   7.8   08:12   8.3   0.0   0.0   3.3  14.0   09:07    SW
04   6.4   9.7   06:05   2.8   10:36  10.4   0.0   5.4   4.3  20.0   07:23     W
05   7.4  11.2   13:39   2.1   06:16   9.5   0.0   0.0   6.6  32.0   12:50    SW
06   8.9  11.6   14:21   5.2   23:54   8.2   0.0   1.2   7.5  27.0   07:56     W
07   7.4  11.3   13:06   2.2   06:31  10.4   0.0   0.0   4.0  19.0   21:52   WSW
08  11.0  13.4   12:01   9.3   07:18   7.3   0.0   0.0   5.0  18.0   02:17   WSW
09  10.5  13.8   12:01   8.0   23:44   7.8   0.0   2.0   2.9  16.0   11:02   WSW
10   6.2   8.5   11:55   3.5   23:55  12.1   0.0   0.0   1.9  13.0   14:21     W
11   4.5  11.1   13:48   1.1   06:03  13.8   0.0   0.0   1.7  11.0   00:28   WSW
12   5.6   9.7   12:48   1.8   02:12  12.7   0.0   0.0   5.4  24.0   11:23   SSW
13   8.2  10.0   22:21   6.9   00:00  10.1   0.0   5.4   7.6  31.0   18:36   SSW
14   7.6  10.3   11:19   5.5   23:56  10.7   0.0   2.4   4.6  20.0   10:27   WSW
15   6.9   9.6   11:04   3.1   05:47  11.4   0.0   7.2   4.1  24.0   11:15    SW
16  12.7  15.9   12:40   9.1   00:00   5.6   0.0   1.2   8.6  34.0   18:40   WSW
17   9.6  12.3   13:33   7.9   07:30   8.7   0.0   0.0   6.0  27.0   02:27   WSW
18   8.3  11.5   07:27   4.2   23:56  10.0   0.0   0.8  10.1  47.0   11:52    SW
19   5.7   9.2   17:42   3.1   06:35  12.6   0.0   4.0   6.1  29.0   15:12   WSW
20   9.8  12.7   12:44   4.9   23:57   8.5   0.0   4.6   9.3  30.0   17:41   WSW
21   7.5  11.2   13:18   4.2   04:26  10.8   0.0   0.0   7.7  34.0   08:45     W
22   8.8  14.3   11:13   5.1   02:35   9.5   0.0   0.2   4.7  24.0   11:20   WSW
23   7.4  12.1   13:00   3.7   04:39  10.9   0.0   0.0   4.8  24.0   15:35    SW
24   6.2   9.0   12:43   3.6   09:28  12.1   0.0   4.8   5.5  25.0   07:20   WSW
25   6.1  12.0   13:02   2.8   23:17  12.2   0.0   0.0   3.9  19.0   00:10   WNW
26   6.5  12.9   13:17   2.7   07:24  11.8   0.0   0.0   2.6  16.0   11:07     S
27   6.0  12.6   12:28   1.8   05:56  12.3   0.0   0.0   2.5  17.0   14:58    SE
28   9.0  13.4   11:04   4.4   00:12   9.2   0.0   1.6   3.5  16.0   14:09   SSW
----------------------------------------------------------------------------------
     8.0  15.9    16     1.1    11   280.7   0.0  49.4   5.0  47.0    18     WSW

Max >=  35.7  0
Max <=  33.6 28
Min <= -20.6  0
Min <= -18.0  0
Max Rain: 8.6 on day 2
Days of Rain: 14 (>= 0.2 mm)  9 (>= 2.0 mm)  0 (>= 20.0 mm)
Heat Base: 18.3  Cool Base: 18.3  Method: Integration