NOAA Reports

Select a Year or Month report

Report for 2022 Mar
                   Monthly Climatological Summary for Mar 2022

Name: CM2Weather   City: Chelmsford   State: Essex
Elevation: 66 m  Lat: N 51° 42' 38"   Lon: E 000° 28' 14"

                  Temperature (°C), Rain (mm), Wind Speed (mph)

                                      Heat  Cool        Avg
    Mean                              Deg   Deg         Wind                 Dom
Day Temp  High   Time   Low    Time   Days  Days  Rain  Speed High   Time    Dir
----------------------------------------------------------------------------------
01   8.0   9.1   02:29   7.1   21:33  10.2   0.0   6.6   3.0  14.0   12:23    NE
02   6.9   7.8   13:02   6.4   01:42  11.4   0.0   4.0   2.3  13.0   10:28     E
03   8.5  14.3   11:39   5.7   03:21   9.8   0.0   0.0   1.1   9.0   14:58   ESE
04   7.5   9.8   11:23   5.7   21:06  10.8   0.0   3.6   2.1  12.0   17:07   NNW
05   5.6   8.6   13:52   3.8   23:06  12.7   0.0   2.2   5.2  21.0   13:38     N
06   5.3   9.1   10:44   3.3   06:47  13.0   0.0   0.0   4.6  21.0   12:39    NE
07   4.9   8.1   13:52   2.8   23:53  13.4   0.0   0.2   4.1  20.0   12:55   ENE
08   6.2  12.4   12:06   0.4   06:44  12.1   0.0   0.0   2.4  17.0   13:39    SE
09   9.5  13.5   13:41   6.6   04:50   8.8   0.0   0.0   3.8  25.0   14:24   SSW
10  11.5  17.9   11:43   6.3   06:36   6.8   0.0   0.0   2.6  16.0   14:20     S
11   9.8  14.9   10:40   5.6   06:44   8.5   0.0   0.8   3.7  20.0   12:18     S
12   9.9  13.7   13:11   7.7   23:32   8.4   0.0   0.2   5.6  23.0   09:08   SSW
13   9.4  13.2   11:32   7.4   03:41   8.9   0.0   0.4   3.5  19.0   10:33   SSW
14   9.2  14.9   12:04   4.7   06:04   9.1   0.0   0.0   2.0  13.0   11:05    SW
15  10.2  18.6   10:53   5.2   06:14   8.1   0.0   0.0   1.3  11.0   11:51   ESE
16   8.9  11.3   12:55   6.2   23:57   9.4   0.0   3.6   2.3  18.0   19:25    SE
17   9.1  16.2   12:00   2.7   06:12   9.2   0.0   0.0   2.8  15.0   00:21     W
18   9.9  17.9   12:03   2.8   06:41   8.4   0.0   0.0   2.9  17.0   22:07   ENE
19   9.8  14.8   10:56   7.3   22:57   8.5   0.0   0.0   6.6  25.0   21:17   ENE
20   7.3  14.6   13:29   2.7   06:11  11.0   0.0   1.8   2.5  14.0   00:03   ENE
21   8.4  17.8   13:44  -0.9   06:04   9.9   0.0   0.0   1.2  12.0   14:43    SE
22  12.0  21.8   12:48   5.3   05:20   6.8   0.4   0.0   1.5  13.0   12:23     E
23  12.1  23.3   12:23   5.0   05:57   6.9   0.6   0.0   0.9  11.0   13:35     E
24  11.1  22.4   11:14   2.1   06:23   7.8   0.5   0.0   0.7   8.0   12:23    SE
25  10.3  19.8   12:08   2.3   05:38   8.0   0.1   0.0   1.5  12.0   11:56   ENE
26  11.5  21.7   11:29   3.5   05:47   7.0   0.2   0.0   2.7  14.0   11:57   ENE
27   9.0  15.7   15:03   4.9   04:24   8.9   0.0   0.0   2.0  11.0   14:36   ENE
28   7.7  16.3   14:26   1.2   06:16  10.6   0.0   0.0   1.0   9.0   20:35   ESE
29   8.2  11.2   14:37   6.6   07:38  10.1   0.0   0.2   2.7  12.0   13:22    NE
30   7.8  12.6   11:23   3.2   22:10  10.5   0.0   1.2   3.5  20.0   20:56   NNE
31   3.9   9.4   14:30   0.2   06:48  14.4   0.0   0.0   7.1  29.0   13:16     N
----------------------------------------------------------------------------------
     8.7  23.3    23    -0.9    21   299.4   1.8  24.8   2.9  29.0    31       E

Max >=  35.7  0
Max <=  33.6 31
Min <= -20.6  0
Min <= -18.0  0
Max Rain: 6.6 on day 1
Days of Rain: 12 (>= 0.2 mm)  5 (>= 2.0 mm)  0 (>= 20.0 mm)
Heat Base: 18.3  Cool Base: 18.3  Method: Integration