NOAA Reports

Select a Year or Month report

Report for 2022 Apr
                   Monthly Climatological Summary for Apr 2022

Name: CM2Weather   City: Chelmsford   State: Essex
Elevation: 66 m  Lat: N 51° 42' 38"   Lon: E 000° 28' 14"

                  Temperature (°C), Rain (mm), Wind Speed (mph)

                                      Heat  Cool        Avg
    Mean                              Deg   Deg         Wind                 Dom
Day Temp  High   Time   Low    Time   Days  Days  Rain  Speed High   Time    Dir
----------------------------------------------------------------------------------
01   3.9   9.5   12:50   0.6   03:38  14.4   0.0   0.2   6.9  29.0   11:51     N
02   4.4  12.7   12:59  -1.3   05:32  13.8   0.0   0.0   2.3  15.0   14:55   NNE
03   5.2  13.3   13:02  -1.5   06:00  13.1   0.0   0.0   2.3  13.0   11:49    NW
04   9.6  14.6   15:50   4.6   00:00   8.7   0.0   1.6   5.8  24.0   06:33   WSW
05  12.3  15.4   15:47   9.4   23:26   6.0   0.0   0.8   4.2  17.0   15:09     W
06  10.9  15.4   15:12   8.7   18:54   7.4   0.0   5.0   7.1  26.0   14:46    SW
07   9.5  14.1   15:11   4.4   23:59   8.8   0.0   4.4   8.2  31.0   02:48   WSW
08   6.9  13.0   14:02   3.1   05:58  11.4   0.0   0.8   2.7  17.0   23:18   NNW
09   7.1  15.1   14:44   1.6   06:27  11.2   0.0   0.2   3.1  16.0   12:12   WNW
10   8.8  16.7   12:16   0.3   05:29   9.5   0.0   0.0   1.6  16.0   13:33   SSW
11  10.3  16.7   13:07   4.6   04:28   7.9   0.0   0.0   3.1  20.0   13:07     E
12  13.9  21.1   12:00   8.3   04:16   4.8   0.4   0.0   2.9  16.0   16:28   SSW
13  14.4  21.3   12:47   9.4   04:51   4.1   0.2   0.0   2.9  16.0   13:25    SW
14  15.0  22.2   14:02   8.7   06:52   3.9   0.6   0.0   1.3   9.0   11:47   WSW
15  14.3  24.7   13:39   7.9   06:28   5.0   0.9   0.0   1.5  12.0   15:23   ESE
16  11.8  19.3   14:39   5.9   06:09   6.5   0.0   0.0   1.8  12.0   11:51     E
17  12.2  21.2   12:04   4.9   05:44   6.4   0.3   0.0   1.7  15.0   13:40    SE
18  12.5  19.0   14:13   5.2   01:44   5.8   0.0   0.0   1.2   9.0   08:32     W
19  11.8  17.8   14:06   5.3   06:04   6.5   0.0   0.0   2.4  15.0   15:58   NNE
20  12.2  20.0   11:45   6.6   05:53   6.2   0.1   0.0   4.1  18.0   12:40    NE
21  12.5  19.5   11:36   6.3   04:38   5.8   0.1   0.0   4.3  18.0   16:06   ENE
22  12.2  18.3   12:40   8.6   03:12   6.1   0.0   0.0   5.6  22.0   12:12    NE
23  13.0  17.9   13:46   9.6   00:01   5.3   0.0   0.0   5.6  24.0   11:18    NE
24  13.0  20.2   13:49   7.8   23:55   5.3   0.1   0.0   4.5  19.0   10:23    NE
25   9.9  15.4   15:40   4.9   06:09   8.4   0.0   0.2   2.9  15.0   11:02   NNE
26  10.3  18.0   12:45   3.6   05:48   8.0   0.0   0.0   2.0  14.0   12:43   NNE
27   9.1  12.2   13:10   6.3   01:19   9.2   0.0   0.0   2.2  13.0   10:40    NE
28  10.3  14.8   12:48   7.0   05:40   7.9   0.0   0.0   2.4  12.0   15:52   ENE
29   9.3  12.6   14:21   5.0   06:09   8.3   0.0   0.0   2.6  14.0   09:44   NNE
30  11.5  20.1   13:07   2.6   06:18   6.8   0.0   0.0   1.5  11.0   12:43     N
----------------------------------------------------------------------------------
    10.6  24.7    15    -1.5     3   232.5   2.7  13.2   3.3  31.0     7       N

Max >=  35.7  0
Max <=  33.6 30
Min <= -20.6  0
Min <= -18.0  0
Max Rain: 5.0 on day 6
Days of Rain: 8 (>= 0.2 mm)  2 (>= 2.0 mm)  0 (>= 20.0 mm)
Heat Base: 18.3  Cool Base: 18.3  Method: Integration