NOAA Reports

Select a Year or Month report

Report for 2022 Jun
                   Monthly Climatological Summary for Jun 2022

Name: CM2Weather   City: Chelmsford   State: Essex
Elevation: 66 m  Lat: N 51° 42' 38"   Lon: E 000° 28' 14"

                  Temperature (°C), Rain (mm), Wind Speed (mph)

                                      Heat  Cool        Avg
    Mean                              Deg   Deg         Wind                 Dom
Day Temp  High   Time   Low    Time   Days  Days  Rain  Speed High   Time    Dir
----------------------------------------------------------------------------------
01  13.6  20.4   15:11   7.7   05:18   4.7   0.0   1.4   0.8  11.0   09:08   WNW
02  14.7  20.6   11:43   7.7   05:11   4.0   0.3   0.0   0.6   7.0   13:24    NE
03  16.6  23.4   12:50   9.3   05:02   3.0   1.2   0.0   3.2  16.0   13:32    NE
04  15.2  20.6   15:21  11.6   05:00   3.5   0.3   0.0   4.7  18.0   13:05    NE
05  13.3  14.8   15:12  11.6   03:22   5.0   0.0   7.0   1.9  12.0   03:18     N
06  14.1  17.3   16:48  12.1   07:29   4.2   0.0   1.8   0.8  11.0   13:28   WNW
07  17.1  22.6   13:21  13.2   04:38   2.0   0.8   0.0   1.2  10.0   14:37    SW
08  17.5  23.1   16:20  14.1   03:00   1.9   1.0   0.4   1.6  15.0   17:20   WSW
09  17.2  22.0   15:14  12.0   05:01   2.0   0.9   0.0   1.6  16.0   15:07   WSW
10  19.2  24.0   12:24  14.6   23:57   0.9   1.9   0.0   2.0  15.0   12:42    SW
11  18.5  24.1   14:41  12.2   04:40   1.7   1.9   0.0   1.6  16.0   13:36   WSW
12  17.6  23.5   16:12  11.3   04:56   2.1   1.4   0.0   1.2  13.0   16:52     W
13  16.6  21.7   13:57  10.3   05:06   2.5   0.8   0.0   1.4  13.0   08:39   NNW
14  17.3  23.8   13:50   9.8   04:18   2.5   1.6   0.0   1.4  14.0   16:54   SSE
15  18.8  26.2   13:09  10.7   04:56   2.1   2.6   0.0   1.4  13.0   18:47    SE
16  21.6  28.7   16:32  12.4   05:17   1.3   4.6   0.0   1.1  11.0   18:02   SSE
17  25.4  32.5   17:08  17.1   04:54   0.1   7.2   0.0   1.6  17.0   17:55    SW
18  19.2  26.2   10:13  11.1   23:58   1.3   2.2   3.4   3.0  17.0   18:58     N
19  14.6  20.7   11:24   9.7   03:35   4.0   0.3   1.6   3.0  14.0   02:50     N
20  16.2  22.7   15:08  10.3   05:12   2.9   0.7   0.0   2.6  16.0   09:08   NNE
21  17.2  24.7   12:45   8.7   05:06   2.8   1.7   0.0   1.2  11.0   13:40   ESE
22  19.1  26.6   11:07  10.4   05:18   2.0   2.8   0.0   1.9  13.0   15:10     E
23  18.6  24.8   15:31  11.7   04:41   1.9   2.2   0.0   1.2   9.0   13:59   ENE
24  18.9  23.1   13:55  14.9   04:08   0.9   1.4   0.4   2.0  14.0   16:25    SW
25  16.9  20.6   15:28  12.9   04:45   1.8   0.4   0.2   2.2  13.0   11:42   SSW
26  17.2  22.6   14:09  11.3   04:56   2.1   1.0   0.0   3.6  21.0   15:46    SW
----------------------------------------------------------------------------------
    17.4  32.5    17     7.7     1    63.2  39.2  16.2   1.9  21.0    26     NNW

Max >=  35.7  0
Max <=  33.6 26
Min <= -20.6  0
Min <= -18.0  0
Max Rain: 7.0 on day 5
Days of Rain: 8 (>= 0.2 mm)  2 (>= 2.0 mm)  0 (>= 20.0 mm)
Heat Base: 18.3  Cool Base: 18.3  Method: Integration