NOAA Reports

Select a Year or Month report

Report for 2022 Jul
                   Monthly Climatological Summary for Jul 2022

Name: CM2Weather   City: Chelmsford   State: Essex
Elevation: 66 m  Lat: N 51° 42' 38"   Lon: E 000° 28' 14"

                  Temperature (°C), Rain (mm), Wind Speed (mph)

                                      Heat  Cool        Avg
    Mean                              Deg   Deg         Wind                 Dom
Day Temp  High   Time   Low    Time   Days  Days  Rain  Speed High   Time    Dir
----------------------------------------------------------------------------------
01  16.8  22.7   12:46  11.5   02:39   2.4   0.9   0.2   3.3  19.0   13:37   WSW
02  18.0  24.1   13:58  11.8   05:07   1.9   1.6   0.0   4.7  23.0   09:44    SW
03  18.4  25.2   15:07  12.4   05:32   1.5   1.6   0.0   2.1  16.0   18:13     W
04  18.6  25.0   14:18  11.8   04:59   1.8   2.1   0.0   1.5  13.0   16:05   WNW
05  18.1  24.4   13:02  11.1   05:17   1.9   1.7   0.0   1.8  16.0   13:08   NNW
06  18.7  24.5   17:00  11.4   05:28   1.7   2.2   0.0   1.1  14.0   20:16   WNW
07  18.8  23.9   17:05  14.9   23:24   0.8   1.2   0.0   3.5  18.0   07:43     N
08  21.6  29.3   15:44  12.6   03:39   1.4   4.7   0.0   1.6  14.0   16:01   NNW
09  20.1  26.6   16:39  14.5   05:40   0.9   2.7   0.0   2.9  16.0   11:56     N
10  22.6  29.9   17:52  13.9   05:16   1.0   5.4   0.0   1.5  12.0   17:39     W
11  24.4  32.1   14:11  15.9   05:22   0.2   6.3   0.0   1.8  13.0   17:36   SSW
12  24.6  30.8   13:31  18.3   03:12   0.0   6.3   0.0   2.3  16.0   14:08    SW
13  23.3  29.8   14:58  16.7   23:59   0.1   5.1   0.0   2.1  12.0   16:32   NNE
14  19.8  26.7   13:12  14.3   04:56   1.1   2.6   0.0   3.0  16.0   10:30     N
15  20.1  26.7   13:36  12.3   05:18   1.4   3.2   0.0   1.4  12.0   16:06    NW
16  20.5  26.8   12:51  12.8   05:35   1.1   3.3   0.0   2.0  12.0   17:09    SE
17  22.4  29.9   12:37  14.2   04:14   0.8   4.9   0.0   1.6  12.0   15:42     S
18  27.7  37.8   15:38  16.7   05:35   0.2   9.7   0.0   1.8  16.0   13:28    SW
19  30.3  39.5   13:56  20.6   04:53   0.0  12.0   0.4   2.1  16.0   21:41     S
20  23.7  29.1   13:03  19.1   23:55   0.0   5.4   0.2   3.8  17.0   00:49   WSW
21  20.8  26.4   15:17  17.8   05:34   0.0   2.5   0.0   2.5  13.0   14:12   NNE
22  18.7  23.2   12:09  15.3   23:56   0.6   1.0   0.0   3.1  15.0   13:20     E
23  21.5  28.6   15:25  14.6   01:13   0.9   4.0   0.0   2.7  19.0   17:19   WSW
24  23.3  29.5   14:11  17.8   05:17   0.1   5.1   0.0   5.9  23.0   16:51    SW
25  21.2  25.5   15:25  16.6   23:59   0.0   3.0   0.0   4.1  19.0   22:21   NNW
26  17.8  23.6   14:54  14.3   23:43   1.5   1.1   0.6   2.0  16.0   15:45     N
27  17.3  22.4   09:49  11.1   05:21   2.0   0.9   0.0   1.6  12.0   15:17    SE
28  17.4  22.3   10:03  14.7   04:51   1.2   0.5   0.0   2.0  13.0   12:03     E
29  20.5  28.7   14:21  13.8   01:59   1.1   3.2   0.0   2.1  14.0   15:45   ENE
30  21.8  26.5   15:13  16.1   00:22   0.4   3.9   0.0   2.6  13.0   11:43    SW
31  22.4  27.2   15:27  18.5   23:09   0.0   4.1   0.0   3.7  19.0   10:03     W
----------------------------------------------------------------------------------
    21.0  39.5    19    11.1     5    28.0 112.2   1.4   2.5  23.0     2       W

Max >=  35.7  2
Max <=  33.6 29
Min <= -20.6  0
Min <= -18.0  0
Max Rain: 0.6 on day 26
Days of Rain: 4 (>= 0.2 mm)  0 (>= 2.0 mm)  0 (>= 20.0 mm)
Heat Base: 18.3  Cool Base: 18.3  Method: Integration